 299, 2*g - 670 = 3*m. Is g a composite number?
True
Let v = 33 - 22. Let p = 108 - v. Is p composite?
False
Is (-12)/8*(-178)/3*1 prime?
True
Suppose 0*w + 70 = 5*w + 2*v, 3*v = 2*w - 28. Is w a composite number?
True
Suppose -3*i - 10902 = -5*j, -4*i + 0*i - 6539 = -3*j. Is j prime?
False
Is 2 + -3 + 1 + 307 composite?
False
Let l = -472 + 765. Is l a composite number?
False
Let o(u) = u**2 + 2*u + 5. Let y be o(-6). Let h = y + 5. Is h composite?
True
Let w(y) = 5*y - 3. Suppose -r + 5*r - 20 = 0, 5*v + 5 = 3*r. Is w(v) a prime number?
True
Let d = -4 - -7. Suppose v - 71 - 50 = d*x, 12 = 3*x. Is v prime?
False
Suppose -5*b - 890 = -7*b. Suppose 0 = -2*m - 3*m + b. Is m composite?
False
Suppose 3*g = 138 + 819. Is g a prime number?
False
Let w(r) = 2*r**3 - 2*r**2 + 1. Let s = -5 - -9. Is w(s) composite?
False
Let v(c) = 11*c**2 - 4*c. Let u(n) = -n**2 - 4*n + 2. Suppose s = -2*b - 3 - 5, -4*s = 4*b + 12. Let g be u(b). Is v(g) a prime number?
False
Let c = -25 - -64. Is c a prime number?
False
Let j be -2 + 3 + (-1 - -48). Let b = -36 + 19. Let q = j + b. Is q a composite number?
False
Let p = 6 + -2. Suppose p*d - 3*l - 1732 = -246, 1111 = 3*d - 4*l. Is d a prime number?
True
Suppose 0 = l + 4*l + 790. Is (l/8)/((-2)/8) a prime number?
True
Let p(u) be the third derivative of u**4/24 + 3*u**2. Let r be p(6). Suppose 0 = -5*k + 59 + r. Is k a composite number?
False
Suppose p - 6 = k - 104, 3*k = 4*p + 298. Is k prime?
False
Suppose d + 5*q + 177 = 0, -4*d + q + q = 642. Is (2 - 3)*1 - d prime?
False
Let h(y) = -y**2 + 13*y + 3. Let d be h(9). Let c = d - -14. Is c prime?
True
Let w be 0 + 4 - (-2 + 6). Suppose -d - 3*d = -3*h - 1600, w = 4*h + 16. Is d a composite number?
False
Let q = 39 - -10. Suppose z + 2 = 2*z, -n + q = z. Is n a prime number?
True
Suppose -3*o = -2*o - 4. Suppose -2*a = -337 - 415. Suppose o*l = -0*l + a. Is l a prime number?
False
Let a = 7 - 3. Suppose 0 = -a*n - 15 + 139. Is n a prime number?
True
Let r(u) = 2*u**2 + 8*u - 4. Let x be r(-6). Suppose -144 = -4*v + x. Suppose -l + 2*d = -v, 0*d = -5*l + d + 169. Is l a composite number?
True
Let r = -10 + 8. Is -6 - r - -5 - -96 composite?
False
Let r = 344 - -2375. Is r composite?
False
Suppose -o + 1 = 4. Let t(g) = -39*g + 6. Let x(k) = -79*k + 13. Let j(f) = 5*t(f) - 2*x(f). Is j(o) a composite number?
True
Let u be -5*(48/(-20))/4. Suppose 2*n - u*m + 2*m = 286, 3*n + 3*m = 429. Is n a composite number?
True
Suppose -5*v - 833 = -12*v. Is v prime?
False
Suppose b - 4*i - 264 = -33, 4*i = -5*b + 1035. Is b composite?
False
Let u = -281 - -11. Let h = u + 657. Let r = -226 + h. Is r prime?
False
Suppose i = 5*m - 0*i - 2505, m - i - 501 = 0. Suppose -s = 3*s - 5*x - m, -5*s + 5*x + 620 = 0. Is s prime?
False
Let g(f) = -4*f - 1. Let b be g(-1). Let x(n) = n**3 - 4*n**2 + 4*n - 3. Let s be x(b). Suppose s = 4*l - 519 + 43. Is l composite?
True
Suppose -3*z = 5*b - 1496, -4*z - 3*b + 2488 = z. Let i = z + -280. Is i prime?
False
Let h(z) = z**3 - z**2 - 8*z - 7. Let b be h(5). Is (b/(-4))/(6/(-24)) composite?
False
Is 193 - (2 + (-3 - -3)) a prime number?
True
Let y(a) = a. Let s be y(-2). Let i(c) be the first derivative of -129*c**2/2 + c - 6. Is i(s) a prime number?
False
Is (-4)/12 - 9784/(-12) a prime number?
False
Let o(b) = 4*b + 2. Let c be o(2). Suppose 3*y = -2*s - 2*s + 119, 2*s = c. Is y prime?
False
Let p be (-7)/2*-4*2. Suppose 3*t + p + 32 = 0. Let c = t - -43. Is c composite?
False
Suppose v = -2*v. Suppose -2*t + 3*t - 157 = v. Is t composite?
False
Is (4 - 116/12)*-9 prime?
False
Let q = 1142 - 769. Is q a prime number?
True
Let w be 3/((-27)/(-12))*309. Suppose 0 = 2*y + 5*l - w, 3*l - 5 = 1. Is y composite?
True
Suppose 0 = 2*t + t + 2*w - 6449, -4*t + 2*w + 8594 = 0. Is t a composite number?
True
Let f(u) = -75*u + 3. Is f(-4) a composite number?
True
Suppose -3*m + 7 = -2. Suppose m*j - 5*z = 642, -5*j + 1606 = -z + 514. Suppose 23 + 33 = h - w, 0 = -4*h - w + j. Is h prime?
False
Let w(q) = q**2 + 14*q. Let b be w(-6). Let k = 26 + b. Is 4/(1 + 18/k) a prime number?
False
Suppose l + 11 = 3*f, 0 = -f + 2*l + 15 - 3. Suppose -f*m + 1231 = -3*q, -1226 = -0*m - 2*m + 4*q. Is m a prime number?
False
Let o = 208 + 554. Suppose -14*a + 12*a = -o. Is a composite?
True
Let f = -9 - -9. Suppose f*s - r = -5*s + 1897, 0 = -s + 2*r + 383. Is s prime?
True
Let w(i) = 3*i**2 + i + 1. Let r be w(2). Suppose -3*k + r = 0, 5*y - 880 - 70 = 4*k. Is y/10 - (-4)/(-10) composite?
False
Suppose -1315 = -5*p + 1390. Is p prime?
True
Suppose 4*s = 5*o + 30, -3*o - 16 = -4*s + 2. Let t(a) = -53*a + 1. Is t(o) composite?
True
Let s = -18 - -25. Let b(i) = -5*i - 1. Let z be b(1). Let f = s - z. Is f a composite number?
False
Suppose -4*i + 4*r = -9*i + 38, 8 = i + r. Let z be (4/i)/((-4)/2238). Let m = z + 560. Is m a composite number?
True
Let u be (-53)/3 + 4/6. Let a = 5 + u. Is 6/a*(-38)/1 a composite number?
False
Let u(a) = 3*a**2 + 9*a + 3. Let k be u(-7). Let h be -2*(-1)/((-6)/k). Let r = 6 - h. Is r a composite number?
True
Suppose 3*i - 3*l = -15, l - 4 = 2*i + 1. Suppose i*x = -x + 203. Is x prime?
False
Let r(i) = -4*i - 1. Let b be r(1). Let k be (-40)/6*(-24)/b. Let c = -10 - k. Is c prime?
False
Let y be 0/3 - -6*1. Suppose 0 = -3*s + y*s. Suppose s*g + 20 = h - 2*g, h = -4*g + 2. Is h composite?
True
Suppose -227 = -5*s - 3*u + 380, 2*u = 3*s - 349. Is s composite?
True
Let f = 18 + -14. Suppose 0 = f*z - 16, 6*z + 1663 = 5*k + 3*z. Is k a prime number?
False
Suppose -5*o = -25, -10 = 4*g - 4*o + 10. Suppose g = -7*u + 3*u + 1516. Is u composite?
False
Let q = -1477 + 2088. Is q composite?
True
Let c(l) = l**3 + l**2 + 2*l + 4. Let a = -6 + 9. Let u be c(a). Let b = -27 + u. Is b prime?
True
Suppose x + 4 = 3*x. Is 16*3 - (-3 + x) composite?
True
Let w = -157 - -222. Is w a composite number?
True
Let x(q) = q**2 + 5*q - 4. Let j be x(-5). Let a = 5 + j. Is (-3)/((-2)/22*a) prime?
False
Let s(i) = -i**2 - 6*i + 2. Let p be s(-5). Suppose 11*r = p*r + 316. Is r a composite number?
False
Suppose 2*m = 1656 + 866. Is m prime?
False
Let m = -4 + 7. Suppose -3*x = m*w + x - 601, -611 = -3*w + x. Is w composite?
True
Let u = 241 - 30. Is u a composite number?
False
Let i(b) = 2*b**2 - 4 + 3 + 10*b - 3*b**2. Let q be i(4). Suppose -2 + q = 3*w. Is w prime?
True
Let w = 1001 + -430. Is w a composite number?
False
Is -3 + ((-40)/(-1))/1 prime?
True
Let z = 200 + 96. Is (-3)/(-2)*z/12 prime?
True
Suppose -5*d + 1066 = -109. Is d composite?
True
Let n = -80 + 115. Is n prime?
False
Let w = 7 + -10. Let c = w - -7. Let z = 10 - c. Is z a prime number?
False
Let u = 5 - 9. Is (u + 3)/((-1)/3) a prime number?
True
Let u(o) be the first derivative of -o**4/2 + 4*o**3/3 + 3*o**2/2 - 4*o + 1. Is u(-5) prime?
True
Suppose -n + 68 = 2*p, -5*n + 0*p + 376 = -2*p. Suppose 0 = -0*u - 2*u + n. Is u a prime number?
True
Let p(x) = 60*x - 31. Is p(6) a composite number?
True
Let x = -27 + 58. Let d = x + -22. Let q = d + 6. Is q a composite number?
True
Let f(j) = 31*j**3 - 1. Suppose 0 = -2*d + d + 1. Let u be f(d). Let n = 45 - u. Is n prime?
False
Let k(i) = 4*i**2 - i. Let l be k(-2). Let c be (-16)/(-40) - l/(-5). Suppose -5*m + f + 334 = 0, -c*m + 4*f + 0*f + 264 = 0. Is m composite?
False
Let w(y) = 25*y. Let l be w(-1). Let o = 14 + -2. Let a = o - l. Is a composite?
False
Is (-2 - 2)*2138/(-8) a prime number?
True
Suppose 4*b + 485 = -179. Let o = 279 + b. Is o prime?
True
Let l be 2 + 1*12 + -2. Let w be ((-4)/l)/((-1)/9). Suppose 0 = -5*f - 3*n + 7, 0*f = 5*f - w*n - 13. Is f composite?
False
Is -1 + 319 - (3 - 2) a composite number?
False
Suppose 9*o + 30 = 4*o. Is -14*(-2 - (-57)/o) prime?
False
Let k = 16 + -12. Suppose -2*g = -j + k*j - 203, -5*j = 4*g - 341. Is j prime?
False
Is (-34074)/(-81)*(-2)/(-8)*6 composite?
False
Let l(o) = o + 1. Let b be l(3). Suppose 0 = 2*j - 16 - b. Let n = j + -7. Is n a composite number?
False
Suppose 13 = 5*x - 0*n - 4*n, 4*n + 3 = 3*x. Let z(m) = m - 3. Let c be z(x). Suppose -c*u = u - 21. Is u a composite number?
False
Let b(g) = -g**3 - g**2 - g - 12. Let p be b(0). Let j = 41 + p. Let h = j + -8. Is h a prime number?
False
Let o be (-1 + 2 + -1)/2. Suppose 5*d - 2*d = o. Suppose d = 5*k - 112 - 163. Is k composite?
